{"id":330,"date":"2015-03-16T19:02:53","date_gmt":"2015-03-16T19:02:53","guid":{"rendered":"http:\/\/www.henkeschreieck.at\/?page_id=330"},"modified":"2016-04-21T10:16:46","modified_gmt":"2016-04-21T10:16:46","slug":"sankt-gabriel","status":"publish","type":"page","link":"https:\/\/www.henkeschreieck.at\/index.php\/projects\/wohnen-2\/sankt-gabriel\/","title":{"rendered":"Sankt Gabriel"},"content":{"rendered":"<p><div id=\"metaslider-id-1199\" style=\"width: 100%;\" class=\"ml-slider-3-62-0 metaslider metaslider-flex metaslider-1199 ml-slider ms-theme-default\" role=\"region\" aria-roledescription=\"Slideshow\" aria-label=\"kirche St.Gabriel\">\n    <div id=\"metaslider_container_1199\">\n        <div id=\"metaslider_1199\" class=\"flexslider\">\n            <ul aria-live=\"polite\" class=\"slides\">\n                <li style=\"display: block; width: 100%;\" class=\"slide-2021 ms-image \" aria-roledescription=\"slide\" aria-label=\"slide-2021\"><img loading=\"lazy\" decoding=\"async\" width=\"1015\" height=\"580\" src=\"https:\/\/www.henkeschreieck.at\/wp-content\/uploads\/2015\/08\/01-spil_13002-b_A3_croped.jpg\" class=\"slider-1199 slide-2021\" alt=\"St. Gabriel \" rel=\"\" title=\"St. Gabriel \" srcset=\"https:\/\/www.henkeschreieck.at\/wp-content\/uploads\/2015\/08\/01-spil_13002-b_A3_croped.jpg 1015w, https:\/\/www.henkeschreieck.at\/wp-content\/uploads\/2015\/08\/01-spil_13002-b_A3_croped-300x171.jpg 300w\" sizes=\"(max-width: 1015px) 100vw, 1015px\" \/><\/li>\n                <li style=\"display: none; width: 100%;\" class=\"slide-2022 ms-image \" aria-roledescription=\"slide\" aria-label=\"slide-2022\"><img loading=\"lazy\" decoding=\"async\" width=\"1015\" height=\"580\" src=\"https:\/\/www.henkeschreieck.at\/wp-content\/uploads\/2015\/08\/02-spil_13001-d_A3_croped.jpg\" class=\"slider-1199 slide-2022\" alt=\"\" rel=\"\" title=\"\" srcset=\"https:\/\/www.henkeschreieck.at\/wp-content\/uploads\/2015\/08\/02-spil_13001-d_A3_croped.jpg 1015w, https:\/\/www.henkeschreieck.at\/wp-content\/uploads\/2015\/08\/02-spil_13001-d_A3_croped-300x171.jpg 300w\" sizes=\"(max-width: 1015px) 100vw, 1015px\" \/><\/li>\n                <li style=\"display: none; width: 100%;\" class=\"slide-2023 ms-image \" aria-roledescription=\"slide\" aria-label=\"slide-2023\"><img loading=\"lazy\" decoding=\"async\" width=\"1015\" height=\"580\" src=\"https:\/\/www.henkeschreieck.at\/wp-content\/uploads\/2015\/08\/03-kra_SDIM6350_croped.jpg\" class=\"slider-1199 slide-2023\" alt=\"\" rel=\"\" title=\"\" srcset=\"https:\/\/www.henkeschreieck.at\/wp-content\/uploads\/2015\/08\/03-kra_SDIM6350_croped.jpg 1015w, https:\/\/www.henkeschreieck.at\/wp-content\/uploads\/2015\/08\/03-kra_SDIM6350_croped-300x171.jpg 300w\" sizes=\"(max-width: 1015px) 100vw, 1015px\" \/><\/li>\n                <li style=\"display: none; width: 100%;\" class=\"slide-2024 ms-image \" aria-roledescription=\"slide\" aria-label=\"slide-2024\"><img loading=\"lazy\" decoding=\"async\" width=\"1015\" height=\"580\" src=\"https:\/\/www.henkeschreieck.at\/wp-content\/uploads\/2015\/08\/04-b-spil_13003-a_A3-crop_croped.jpg\" class=\"slider-1199 slide-2024\" alt=\"\" rel=\"\" title=\"\" srcset=\"https:\/\/www.henkeschreieck.at\/wp-content\/uploads\/2015\/08\/04-b-spil_13003-a_A3-crop_croped.jpg 1015w, https:\/\/www.henkeschreieck.at\/wp-content\/uploads\/2015\/08\/04-b-spil_13003-a_A3-crop_croped-300x171.jpg 300w\" sizes=\"(max-width: 1015px) 100vw, 1015px\" \/><\/li>\n                <li style=\"display: none; width: 100%;\" class=\"slide-2025 ms-image \" aria-roledescription=\"slide\" aria-label=\"slide-2025\"><img loading=\"lazy\" decoding=\"async\" width=\"1015\" height=\"580\" src=\"https:\/\/www.henkeschreieck.at\/wp-content\/uploads\/2015\/08\/061.jpg\" class=\"slider-1199 slide-2025\" alt=\"\" rel=\"\" title=\"\" srcset=\"https:\/\/www.henkeschreieck.at\/wp-content\/uploads\/2015\/08\/061.jpg 1015w, https:\/\/www.henkeschreieck.at\/wp-content\/uploads\/2015\/08\/061-300x171.jpg 300w\" sizes=\"(max-width: 1015px) 100vw, 1015px\" \/><\/li>\n                <li style=\"display: none; width: 100%;\" class=\"slide-2026 ms-image \" aria-roledescription=\"slide\" aria-label=\"slide-2026\"><img loading=\"lazy\" decoding=\"async\" width=\"1015\" height=\"580\" src=\"https:\/\/www.henkeschreieck.at\/wp-content\/uploads\/2015\/08\/6aund6b_croped1.jpg\" class=\"slider-1199 slide-2026\" alt=\"\" rel=\"\" title=\"\" srcset=\"https:\/\/www.henkeschreieck.at\/wp-content\/uploads\/2015\/08\/6aund6b_croped1.jpg 1015w, https:\/\/www.henkeschreieck.at\/wp-content\/uploads\/2015\/08\/6aund6b_croped1-300x171.jpg 300w\" sizes=\"(max-width: 1015px) 100vw, 1015px\" \/><\/li>\n                <li style=\"display: none; width: 100%;\" class=\"slide-2027 ms-image \" aria-roledescription=\"slide\" aria-label=\"slide-2027\"><img loading=\"lazy\" decoding=\"async\" width=\"1015\" height=\"580\" src=\"https:\/\/www.henkeschreieck.at\/wp-content\/uploads\/2015\/08\/07-kra_PrB352108_croped.jpg\" class=\"slider-1199 slide-2027\" alt=\"\" rel=\"\" title=\"\" srcset=\"https:\/\/www.henkeschreieck.at\/wp-content\/uploads\/2015\/08\/07-kra_PrB352108_croped.jpg 1015w, https:\/\/www.henkeschreieck.at\/wp-content\/uploads\/2015\/08\/07-kra_PrB352108_croped-300x171.jpg 300w\" sizes=\"(max-width: 1015px) 100vw, 1015px\" \/><\/li>\n                <li style=\"display: none; width: 100%;\" class=\"slide-2028 ms-image \" aria-roledescription=\"slide\" aria-label=\"slide-2028\"><img loading=\"lazy\" decoding=\"async\" width=\"1015\" height=\"580\" src=\"https:\/\/www.henkeschreieck.at\/wp-content\/uploads\/2015\/08\/09-kra_OKB214903_croped.jpg\" class=\"slider-1199 slide-2028\" alt=\"\" rel=\"\" title=\"\" srcset=\"https:\/\/www.henkeschreieck.at\/wp-content\/uploads\/2015\/08\/09-kra_OKB214903_croped.jpg 1015w, https:\/\/www.henkeschreieck.at\/wp-content\/uploads\/2015\/08\/09-kra_OKB214903_croped-300x171.jpg 300w\" sizes=\"(max-width: 1015px) 100vw, 1015px\" \/><\/li>\n                <li style=\"display: none; width: 100%;\" class=\"slide-2029 ms-image \" aria-roledescription=\"slide\" aria-label=\"slide-2029\"><img loading=\"lazy\" decoding=\"async\" width=\"1015\" height=\"580\" src=\"https:\/\/www.henkeschreieck.at\/wp-content\/uploads\/2015\/08\/10.jpg\" class=\"slider-1199 slide-2029\" alt=\"\" rel=\"\" title=\"\" srcset=\"https:\/\/www.henkeschreieck.at\/wp-content\/uploads\/2015\/08\/10.jpg 1015w, https:\/\/www.henkeschreieck.at\/wp-content\/uploads\/2015\/08\/10-300x171.jpg 300w\" sizes=\"(max-width: 1015px) 100vw, 1015px\" \/><\/li>\n                <li style=\"display: none; width: 100%;\" class=\"slide-2030 ms-image \" aria-roledescription=\"slide\" aria-label=\"slide-2030\"><img loading=\"lazy\" decoding=\"async\" width=\"1015\" height=\"580\" src=\"https:\/\/www.henkeschreieck.at\/wp-content\/uploads\/2015\/08\/12-spil_13005-d_A3ret_croped.jpg\" class=\"slider-1199 slide-2030\" alt=\"\" rel=\"\" title=\"\" srcset=\"https:\/\/www.henkeschreieck.at\/wp-content\/uploads\/2015\/08\/12-spil_13005-d_A3ret_croped.jpg 1015w, https:\/\/www.henkeschreieck.at\/wp-content\/uploads\/2015\/08\/12-spil_13005-d_A3ret_croped-300x171.jpg 300w\" sizes=\"(max-width: 1015px) 100vw, 1015px\" \/><\/li>\n            <\/ul>\n        <\/div>\n        \n    <\/div>\n<\/div><br \/>\n<div id=\"links3-link-330\" class=\"sh-link links3-link sh-hide\"><a href=\"#\" onclick=\"showhide_toggle('links3', 330, '\u2192 Facts', 'Facts \u2190'); return false;\" aria-expanded=\"false\"><span id=\"links3-toggle-330\">\u2192 Facts<\/span><\/a><\/div><div id=\"links3-content-330\" class=\"sh-content links3-content sh-hide\" style=\"display: none;\"><\/p>\n<table style=\"width: 50%; margin-right: 2px; border: none; border-spacing: 10px; font-size: 1.0em;\">\n<thead>\n<tr>\n<td><\/td>\n<td><strong><\/strong><\/td>\n<\/tr>\n<\/thead>\n<tbody>\n<tr style=\"border-bottom: thin solid #333; vertical-align: top;\">\n<td>Studie<\/td>\n<td>09.2006<\/td>\n<\/tr>\n<tr style=\"border-bottom: thin solid #333; vertical-align: top;\">\n<td>Fertigstellung<\/td>\n<td>2008<\/td>\n<\/tr>\n<tr style=\"border-bottom: thin solid #333; vertical-align: top;\">\n<td>Land<\/td>\n<td>\u00d6sterreich<\/td>\n<\/tr>\n<tr style=\"border-bottom: thin solid #333; vertical-align: top;\">\n<td>Ort<\/td>\n<td>St. Johann bei Herberstein &#8211; Steiermark<\/td>\n<\/tr>\n<tr style=\"border-bottom: thin solid #333; vertical-align: top;\">\n<td>BGF oi<\/td>\n<td>1.073 m2<\/td>\n<\/tr>\n<tr style=\"border-bottom: thin solid #333; vertical-align: top;\">\n<td>BauherrIn<\/td>\n<td>Abtei St. Gabriel<\/td>\n<\/tr>\n<tr style=\"border-bottom: thin solid #333; vertical-align: top;\">\n<td>Architektur<\/td>\n<td>Henke Schreieck Architekten<br \/>\nDieter Henke I Marta Schreieck<\/td>\n<\/tr>\n<tr style=\"border-bottom: thin solid #333; vertical-align: top;\">\n<td>MitarbeiterInnen<\/td>\n<td>Andreas Hampel<\/td>\n<\/tr>\n<tr style=\"border-bottom: thin solid #333; vertical-align: top;\">\n<td>Statik<\/td>\n<td>gmeiner I haferl zivilingenieure zt gmbh<\/td>\n<\/tr>\n<tr style=\"border-bottom: thin solid #333; vertical-align: top;\">\n<td>Farbkonzept<\/td>\n<td>Ursula Aichwalder<\/td>\n<\/tr>\n<tr style=\"border-bottom: thin solid #333; vertical-align: top;\">\n<td>Altar, Ambo<\/td>\n<td>Kurt Straznicky<\/td>\n<\/tr>\n<tr style=\"border-bottom: thin solid #333; vertical-align: top;\">\n<td>Fotos<\/td>\n<td>Margherita Spillutini<br \/>\nRoland Krauss<br \/>\nDieter Henke<\/td>\n<\/tr>\n<\/tbody>\n<\/table>\n<p><\/div><br \/>\n<div id=\"links-link-330\" class=\"sh-link links-link sh-hide\"><a href=\"#\" onclick=\"showhide_toggle('links', 330, '\u2192 Beschreibung', 'Beschreibung \u2190'); return false;\" aria-expanded=\"false\"><span id=\"links-toggle-330\">\u2192 Beschreibung<\/span><\/a><\/div><div id=\"links-content-330\" class=\"sh-content links-content sh-hide\" style=\"display: none;\"><\/p>\n<p><strong>DE<\/strong> F\u00fcr 12 Nonnen wurde eine neue Bleibe gesucht. Von dem urspr\u00fcnglichen Plan der Di\u00f6zese, das Dachgeschoss des ehemaligen Klosters (heute Haus der Frauen) auszubauen, haben wir abgeraten. Dieser Dachausbau h\u00e4tte die besondere Aura des Innenhofes mit seinen patinierten, ruhigen Ziegeld\u00e4chern nachhaltig zerst\u00f6rt.<br \/>\nAlternativ haben wir auf dem Platz des alten Wirtschaftsgeb\u00e4udes einen Neubau vorgeschlagen, der mit dem bestehenden Kloster und der Kirche ein r\u00e4umliches Ensemble bildet.<br \/>\nDas neue Geb\u00e4ude wurde an der steil abfallenden n\u00f6rdlichen Hangkante positioniert, um auf der schmalen Bergkuppe einen m\u00f6glichst gro\u00dfz\u00fcgigen Freiraum f\u00fcr das alte und neue Kloster zu erhalten.<br \/>\nAus dem kompakten Bauk\u00f6rper des Klosters tritt ostseitig der Kubus der Kapelle hervor und bildet einen kleinen Vorplatz vor dem Eingang. Der abstrakte Kubus der Kapelle wirkt au\u00dfen eher verschlossen.<br \/>\nDer Innenraum 8,0 x 8,0 x 8,0 m ist charakterisiert durch die schr\u00e4g abgeschnittene Nord-Ost-Ecke mit der dreiecksf\u00f6rmig von oben belichteten Altarr\u00fcckwand.<br \/>\nZwei diagonal vis \u00e1 vis liegende Raumecken werden mittels auf den Kopf \u00fcber Eck gestellten Dreiecksfenstern aufgebrochen. Die Atmosph\u00e4re des Raumes wird wesentlich gepr\u00e4gt durch das sich st\u00e4ndig ver\u00e4ndernde Lichtspiel im Verlauf des Tages.<br \/>\nDie S\u00fcdfassade des Klosters tritt durch das zur\u00fcckversetzte Dachgeschoss nur 2-geschossig in Erscheinung und ist bestimmt durch die f\u00e4cherf\u00f6rmig versetzten Erkerfenster mit Orientierung zur Kirche und visueller Abschirmung zum Vorplatz. Die freie Verteilung der Fenster\u00f6ffnungen an der topographiebedingt exponierten nur schwer einsehbaren 4-geschossigen Nordfassade ist Ausdruck der inneren Raumorganisation bzw. Nutzung.<br \/>\nGrunds\u00e4tzlich ist das Kloster in seiner \u00e4u\u00dferen Erscheinung sehr schlicht gehalten.<br \/>\nIm Inneren entfalten die R\u00e4ume aufgrund ihrer dezenten Farbigkeit und Naturbelassenheit der Materialien eine besondere Atmosph\u00e4re.<br \/>\nDie intensive Diskussion der unterschiedlichen Details \u2013 von der M\u00f6blierung \/ Materialisierung der Kapelle bis zum \u201eSchleierhaken\u201c in den Zimmern \u2013 gestaltete sich zu einem aufw\u00e4ndigen Prozess, der von der \u00c4btissin, den Schwestern mit tatkr\u00e4ftiger Unterst\u00fctzung von Herrn Pr\u00e4lat Kroisleitner seitens der Di\u00f6zese stets engagiert mitgetragen wurde. Dies f\u00fchrte letztlich zu einem Haus, in dem sich die kleine Klostergemeinschaft geborgen und beheimatet f\u00fchlt.<\/p>\n<p><\/div><br \/>\n<div id=\"links2-link-330\" class=\"sh-link links2-link sh-hide\"><a href=\"#\" onclick=\"showhide_toggle('links2', 330, '\u2192 Publikationen', 'Publikationen \u2190'); return false;\" aria-expanded=\"false\"><span id=\"links2-toggle-330\">\u2192 Publikationen<\/span><\/a><\/div><div id=\"links2-content-330\" class=\"sh-content links2-content sh-hide\" style=\"display: none;\"><\/p>\n<ul>\n<li><a href=\"http:\/\/www.henkeschreieck.at\/wp-content\/uploads\/2016\/04\/Kloster-St.-Gabriel-Oris.pdf\" target=\"_blank\">oris 2011<\/a><\/li>\n<li><a href=\"http:\/\/www.henkeschreieck.at\/wp-content\/uploads\/2015\/05\/11ecola01-gabriel.pdf\" target=\"_blank\">ECOLA 2011<\/a><\/li>\n<\/ul>\n<p><\/div><\/p>\n","protected":false},"excerpt":{"rendered":"","protected":false},"author":1,"featured_media":0,"parent":355,"menu_order":5,"comment_status":"closed","ping_status":"closed","template":"page-text.php","meta":{"_seopress_robots_primary_cat":"","_seopress_titles_title":"","_seopress_titles_desc":"","_seopress_robots_index":"","ocean_post_layout":"","ocean_both_sidebars_style":"","ocean_both_sidebars_content_width":0,"ocean_both_sidebars_sidebars_width":0,"ocean_sidebar":"","ocean_second_sidebar":"","ocean_disable_margins":"enable","ocean_add_body_class":"","ocean_shortcode_before_top_bar":"","ocean_shortcode_after_top_bar":"","ocean_shortcode_before_header":"","ocean_shortcode_after_header":"","ocean_has_shortcode":"","ocean_shortcode_after_title":"","ocean_shortcode_before_footer_widgets":"","ocean_shortcode_after_footer_widgets":"","ocean_shortcode_before_footer_bottom":"","ocean_shortcode_after_footer_bottom":"","ocean_display_top_bar":"default","ocean_display_header":"default","ocean_header_style":"","ocean_center_header_left_menu":"","ocean_custom_header_template":"","ocean_custom_logo":0,"ocean_custom_retina_logo":0,"ocean_custom_logo_max_width":0,"ocean_custom_logo_tablet_max_width":0,"ocean_custom_logo_mobile_max_width":0,"ocean_custom_logo_max_height":0,"ocean_custom_logo_tablet_max_height":0,"ocean_custom_logo_mobile_max_height":0,"ocean_header_custom_menu":"","ocean_menu_typo_font_family":"","ocean_menu_typo_font_subset":"","ocean_menu_typo_font_size":0,"ocean_menu_typo_font_size_tablet":0,"ocean_menu_typo_font_size_mobile":0,"ocean_menu_typo_font_size_unit":"px","ocean_menu_typo_font_weight":"","ocean_menu_typo_font_weight_tablet":"","ocean_menu_typo_font_weight_mobile":"","ocean_menu_typo_transform":"","ocean_menu_typo_transform_tablet":"","ocean_menu_typo_transform_mobile":"","ocean_menu_typo_line_height":0,"ocean_menu_typo_line_height_tablet":0,"ocean_menu_typo_line_height_mobile":0,"ocean_menu_typo_line_height_unit":"","ocean_menu_typo_spacing":0,"ocean_menu_typo_spacing_tablet":0,"ocean_menu_typo_spacing_mobile":0,"ocean_menu_typo_spacing_unit":"","ocean_menu_link_color":"","ocean_menu_link_color_hover":"","ocean_menu_link_color_active":"","ocean_menu_link_background":"","ocean_menu_link_hover_background":"","ocean_menu_link_active_background":"","ocean_menu_social_links_bg":"","ocean_menu_social_hover_links_bg":"","ocean_menu_social_links_color":"","ocean_menu_social_hover_links_color":"","ocean_disable_title":"default","ocean_disable_heading":"default","ocean_post_title":"","ocean_post_subheading":"","ocean_post_title_style":"","ocean_post_title_background_color":"","ocean_post_title_background":0,"ocean_post_title_bg_image_position":"","ocean_post_title_bg_image_attachment":"","ocean_post_title_bg_image_repeat":"","ocean_post_title_bg_image_size":"","ocean_post_title_height":0,"ocean_post_title_bg_overlay":0.5,"ocean_post_title_bg_overlay_color":"","ocean_disable_breadcrumbs":"default","ocean_breadcrumbs_color":"","ocean_breadcrumbs_separator_color":"","ocean_breadcrumbs_links_color":"","ocean_breadcrumbs_links_hover_color":"","ocean_display_footer_widgets":"default","ocean_display_footer_bottom":"default","ocean_custom_footer_template":"","footnotes":""},"_links":{"self":[{"href":"https:\/\/www.henkeschreieck.at\/index.php\/wp-json\/wp\/v2\/pages\/330"}],"collection":[{"href":"https:\/\/www.henkeschreieck.at\/index.php\/wp-json\/wp\/v2\/pages"}],"about":[{"href":"https:\/\/www.henkeschreieck.at\/index.php\/wp-json\/wp\/v2\/types\/page"}],"author":[{"embeddable":true,"href":"https:\/\/www.henkeschreieck.at\/index.php\/wp-json\/wp\/v2\/users\/1"}],"replies":[{"embeddable":true,"href":"https:\/\/www.henkeschreieck.at\/index.php\/wp-json\/wp\/v2\/comments?post=330"}],"version-history":[{"count":0,"href":"https:\/\/www.henkeschreieck.at\/index.php\/wp-json\/wp\/v2\/pages\/330\/revisions"}],"up":[{"embeddable":true,"href":"https:\/\/www.henkeschreieck.at\/index.php\/wp-json\/wp\/v2\/pages\/355"}],"wp:attachment":[{"href":"https:\/\/www.henkeschreieck.at\/index.php\/wp-json\/wp\/v2\/media?parent=330"}],"curies":[{"name":"wp","href":"https:\/\/api.w.org\/{rel}","templated":true}]}}