{"id":3253,"date":"2021-12-23T17:05:22","date_gmt":"2021-12-23T17:05:22","guid":{"rendered":"https:\/\/www.henkeschreieck.at\/?page_id=3253"},"modified":"2022-04-03T18:02:03","modified_gmt":"2022-04-03T18:02:03","slug":"triiiiple","status":"publish","type":"page","link":"https:\/\/www.henkeschreieck.at\/index.php\/projects\/mixed-use\/triiiiple\/","title":{"rendered":"TrIIIple"},"content":{"rendered":"<div id=\"metaslider-id-3322\" style=\"width: 100%;\" class=\"ml-slider-3-62-0 metaslider metaslider-flex metaslider-3322 ml-slider ms-theme-default\" role=\"region\" aria-roledescription=\"Slideshow\" aria-label=\"Triiiple\">\n    <div id=\"metaslider_container_3322\">\n        <div id=\"metaslider_3322\" class=\"flexslider\">\n            <ul aria-live=\"polite\" class=\"slides\">\n                <li style=\"display: block; width: 100%;\" class=\"slide-3323 ms-image \" aria-roledescription=\"slide\" aria-label=\"slide-3323\"><img loading=\"lazy\" decoding=\"async\" width=\"1000\" height=\"643\" src=\"https:\/\/www.henkeschreieck.at\/wp-content\/uploads\/2022\/01\/0011_211230_Triiiple_AnaBarros-142_HR.jpg\" class=\"slider-3322 slide-3323\" alt=\"\" rel=\"\" title=\"Triiiple\" srcset=\"https:\/\/www.henkeschreieck.at\/wp-content\/uploads\/2022\/01\/0011_211230_Triiiple_AnaBarros-142_HR.jpg 1000w, https:\/\/www.henkeschreieck.at\/wp-content\/uploads\/2022\/01\/0011_211230_Triiiple_AnaBarros-142_HR-300x193.jpg 300w, https:\/\/www.henkeschreieck.at\/wp-content\/uploads\/2022\/01\/0011_211230_Triiiple_AnaBarros-142_HR-768x494.jpg 768w\" sizes=\"(max-width: 1000px) 100vw, 1000px\" \/><\/li>\n                <li style=\"display: none; width: 100%;\" class=\"slide-3324 ms-image \" aria-roledescription=\"slide\" aria-label=\"slide-3324\"><img loading=\"lazy\" decoding=\"async\" width=\"1000\" height=\"643\" src=\"https:\/\/www.henkeschreieck.at\/wp-content\/uploads\/2022\/01\/0000_Christian-Pichlkastner_fin-06.jpg\" class=\"slider-3322 slide-3324\" alt=\"\" rel=\"\" title=\"TrIIIple\" srcset=\"https:\/\/www.henkeschreieck.at\/wp-content\/uploads\/2022\/01\/0000_Christian-Pichlkastner_fin-06.jpg 1000w, https:\/\/www.henkeschreieck.at\/wp-content\/uploads\/2022\/01\/0000_Christian-Pichlkastner_fin-06-300x193.jpg 300w, https:\/\/www.henkeschreieck.at\/wp-content\/uploads\/2022\/01\/0000_Christian-Pichlkastner_fin-06-768x494.jpg 768w\" sizes=\"(max-width: 1000px) 100vw, 1000px\" \/><\/li>\n                <li style=\"display: none; width: 100%;\" class=\"slide-3325 ms-image \" aria-roledescription=\"slide\" aria-label=\"slide-3325\"><img loading=\"lazy\" decoding=\"async\" width=\"1000\" height=\"643\" src=\"https:\/\/www.henkeschreieck.at\/wp-content\/uploads\/2022\/01\/0001_211230_Triiiple_AnaBarros-377_HR.jpg\" class=\"slider-3322 slide-3325\" alt=\"\" rel=\"\" title=\"Triiiple\" srcset=\"https:\/\/www.henkeschreieck.at\/wp-content\/uploads\/2022\/01\/0001_211230_Triiiple_AnaBarros-377_HR.jpg 1000w, https:\/\/www.henkeschreieck.at\/wp-content\/uploads\/2022\/01\/0001_211230_Triiiple_AnaBarros-377_HR-300x193.jpg 300w, https:\/\/www.henkeschreieck.at\/wp-content\/uploads\/2022\/01\/0001_211230_Triiiple_AnaBarros-377_HR-768x494.jpg 768w\" sizes=\"(max-width: 1000px) 100vw, 1000px\" \/><\/li>\n                <li style=\"display: none; width: 100%;\" class=\"slide-3326 ms-image \" aria-roledescription=\"slide\" aria-label=\"slide-3326\"><img loading=\"lazy\" decoding=\"async\" width=\"1000\" height=\"643\" src=\"https:\/\/www.henkeschreieck.at\/wp-content\/uploads\/2022\/01\/0014_211210_Triiiple_AnaBarros-348_bearbeitet_minus-50.jpg\" class=\"slider-3322 slide-3326\" alt=\"\" rel=\"\" title=\"Triiiple\" srcset=\"https:\/\/www.henkeschreieck.at\/wp-content\/uploads\/2022\/01\/0014_211210_Triiiple_AnaBarros-348_bearbeitet_minus-50.jpg 1000w, https:\/\/www.henkeschreieck.at\/wp-content\/uploads\/2022\/01\/0014_211210_Triiiple_AnaBarros-348_bearbeitet_minus-50-300x193.jpg 300w, https:\/\/www.henkeschreieck.at\/wp-content\/uploads\/2022\/01\/0014_211210_Triiiple_AnaBarros-348_bearbeitet_minus-50-768x494.jpg 768w\" sizes=\"(max-width: 1000px) 100vw, 1000px\" \/><\/li>\n                <li style=\"display: none; width: 100%;\" class=\"slide-3327 ms-image \" aria-roledescription=\"slide\" aria-label=\"slide-3327\"><img loading=\"lazy\" decoding=\"async\" width=\"1000\" height=\"643\" src=\"https:\/\/www.henkeschreieck.at\/wp-content\/uploads\/2022\/01\/0010_211230_Triiiple_AnaBarros-144_HR.jpg\" class=\"slider-3322 slide-3327\" alt=\"\" rel=\"\" title=\"Triiiple\" srcset=\"https:\/\/www.henkeschreieck.at\/wp-content\/uploads\/2022\/01\/0010_211230_Triiiple_AnaBarros-144_HR.jpg 1000w, https:\/\/www.henkeschreieck.at\/wp-content\/uploads\/2022\/01\/0010_211230_Triiiple_AnaBarros-144_HR-300x193.jpg 300w, https:\/\/www.henkeschreieck.at\/wp-content\/uploads\/2022\/01\/0010_211230_Triiiple_AnaBarros-144_HR-768x494.jpg 768w\" sizes=\"(max-width: 1000px) 100vw, 1000px\" \/><\/li>\n                <li style=\"display: none; width: 100%;\" class=\"slide-3328 ms-image \" aria-roledescription=\"slide\" aria-label=\"slide-3328\"><img loading=\"lazy\" decoding=\"async\" width=\"2560\" height=\"1708\" src=\"https:\/\/www.henkeschreieck.at\/wp-content\/uploads\/2022\/02\/211230_Triiiple_AnaBarros-259_HR_retouched-scaled.jpg\" class=\"slider-3322 slide-3328\" alt=\"\" rel=\"\" title=\"Triiiple\" srcset=\"https:\/\/www.henkeschreieck.at\/wp-content\/uploads\/2022\/02\/211230_Triiiple_AnaBarros-259_HR_retouched-scaled.jpg 2560w, https:\/\/www.henkeschreieck.at\/wp-content\/uploads\/2022\/02\/211230_Triiiple_AnaBarros-259_HR_retouched-300x200.jpg 300w, https:\/\/www.henkeschreieck.at\/wp-content\/uploads\/2022\/02\/211230_Triiiple_AnaBarros-259_HR_retouched-1024x683.jpg 1024w, https:\/\/www.henkeschreieck.at\/wp-content\/uploads\/2022\/02\/211230_Triiiple_AnaBarros-259_HR_retouched-768x512.jpg 768w, https:\/\/www.henkeschreieck.at\/wp-content\/uploads\/2022\/02\/211230_Triiiple_AnaBarros-259_HR_retouched-1536x1025.jpg 1536w, https:\/\/www.henkeschreieck.at\/wp-content\/uploads\/2022\/02\/211230_Triiiple_AnaBarros-259_HR_retouched-2048x1366.jpg 2048w\" sizes=\"(max-width: 2560px) 100vw, 2560px\" \/><\/li>\n                <li style=\"display: none; width: 100%;\" class=\"slide-3329 ms-image \" aria-roledescription=\"slide\" aria-label=\"slide-3329\"><img loading=\"lazy\" decoding=\"async\" width=\"1000\" height=\"643\" src=\"https:\/\/www.henkeschreieck.at\/wp-content\/uploads\/2022\/01\/0004_211230_Triiiple_AnaBarros-274_HR.jpg\" class=\"slider-3322 slide-3329\" alt=\"\" rel=\"\" title=\"Triiiple\" srcset=\"https:\/\/www.henkeschreieck.at\/wp-content\/uploads\/2022\/01\/0004_211230_Triiiple_AnaBarros-274_HR.jpg 1000w, https:\/\/www.henkeschreieck.at\/wp-content\/uploads\/2022\/01\/0004_211230_Triiiple_AnaBarros-274_HR-300x193.jpg 300w, https:\/\/www.henkeschreieck.at\/wp-content\/uploads\/2022\/01\/0004_211230_Triiiple_AnaBarros-274_HR-768x494.jpg 768w\" sizes=\"(max-width: 1000px) 100vw, 1000px\" \/><\/li>\n                <li style=\"display: none; width: 100%;\" class=\"slide-3330 ms-image \" aria-roledescription=\"slide\" aria-label=\"slide-3330\"><img loading=\"lazy\" decoding=\"async\" width=\"1000\" height=\"643\" src=\"https:\/\/www.henkeschreieck.at\/wp-content\/uploads\/2022\/01\/0007_211230_Triiiple_AnaBarros-184_HR.jpg\" class=\"slider-3322 slide-3330\" alt=\"\" rel=\"\" title=\"Triiiple\" srcset=\"https:\/\/www.henkeschreieck.at\/wp-content\/uploads\/2022\/01\/0007_211230_Triiiple_AnaBarros-184_HR.jpg 1000w, https:\/\/www.henkeschreieck.at\/wp-content\/uploads\/2022\/01\/0007_211230_Triiiple_AnaBarros-184_HR-300x193.jpg 300w, https:\/\/www.henkeschreieck.at\/wp-content\/uploads\/2022\/01\/0007_211230_Triiiple_AnaBarros-184_HR-768x494.jpg 768w\" sizes=\"(max-width: 1000px) 100vw, 1000px\" \/><\/li>\n                <li style=\"display: none; width: 100%;\" class=\"slide-3331 ms-image \" aria-roledescription=\"slide\" aria-label=\"slide-3331\"><img loading=\"lazy\" decoding=\"async\" width=\"1000\" height=\"643\" src=\"https:\/\/www.henkeschreieck.at\/wp-content\/uploads\/2022\/01\/0002_211230_Triiiple_AnaBarros-314_HR.jpg\" class=\"slider-3322 slide-3331\" alt=\"\" rel=\"\" title=\"Triiiple\" srcset=\"https:\/\/www.henkeschreieck.at\/wp-content\/uploads\/2022\/01\/0002_211230_Triiiple_AnaBarros-314_HR.jpg 1000w, https:\/\/www.henkeschreieck.at\/wp-content\/uploads\/2022\/01\/0002_211230_Triiiple_AnaBarros-314_HR-300x193.jpg 300w, https:\/\/www.henkeschreieck.at\/wp-content\/uploads\/2022\/01\/0002_211230_Triiiple_AnaBarros-314_HR-768x494.jpg 768w\" sizes=\"(max-width: 1000px) 100vw, 1000px\" \/><\/li>\n                <li style=\"display: none; width: 100%;\" class=\"slide-3332 ms-image \" aria-roledescription=\"slide\" aria-label=\"slide-3332\"><img loading=\"lazy\" decoding=\"async\" width=\"1000\" height=\"643\" src=\"https:\/\/www.henkeschreieck.at\/wp-content\/uploads\/2022\/01\/221230_Triiiple_AnaBarros-245.jpg\" class=\"slider-3322 slide-3332\" alt=\"\" rel=\"\" title=\"Triiiple\" srcset=\"https:\/\/www.henkeschreieck.at\/wp-content\/uploads\/2022\/01\/221230_Triiiple_AnaBarros-245.jpg 1000w, https:\/\/www.henkeschreieck.at\/wp-content\/uploads\/2022\/01\/221230_Triiiple_AnaBarros-245-300x193.jpg 300w, https:\/\/www.henkeschreieck.at\/wp-content\/uploads\/2022\/01\/221230_Triiiple_AnaBarros-245-768x494.jpg 768w\" sizes=\"(max-width: 1000px) 100vw, 1000px\" \/><\/li>\n                <li style=\"display: none; width: 100%;\" class=\"slide-3333 ms-image \" aria-roledescription=\"slide\" aria-label=\"slide-3333\"><img loading=\"lazy\" decoding=\"async\" width=\"1000\" height=\"643\" src=\"https:\/\/www.henkeschreieck.at\/wp-content\/uploads\/2022\/01\/0008_211230_Triiiple_AnaBarros-153_HR.jpg\" class=\"slider-3322 slide-3333\" alt=\"\" rel=\"\" title=\"Triiiple\" srcset=\"https:\/\/www.henkeschreieck.at\/wp-content\/uploads\/2022\/01\/0008_211230_Triiiple_AnaBarros-153_HR.jpg 1000w, https:\/\/www.henkeschreieck.at\/wp-content\/uploads\/2022\/01\/0008_211230_Triiiple_AnaBarros-153_HR-300x193.jpg 300w, https:\/\/www.henkeschreieck.at\/wp-content\/uploads\/2022\/01\/0008_211230_Triiiple_AnaBarros-153_HR-768x494.jpg 768w\" sizes=\"(max-width: 1000px) 100vw, 1000px\" \/><\/li>\n                <li style=\"display: none; width: 100%;\" class=\"slide-3334 ms-image \" aria-roledescription=\"slide\" aria-label=\"slide-3334\"><img loading=\"lazy\" decoding=\"async\" width=\"1000\" height=\"643\" src=\"https:\/\/www.henkeschreieck.at\/wp-content\/uploads\/2022\/01\/0009_211230_Triiiple_AnaBarros-148_HR.jpg\" class=\"slider-3322 slide-3334\" alt=\"\" rel=\"\" title=\"Triiiple\" srcset=\"https:\/\/www.henkeschreieck.at\/wp-content\/uploads\/2022\/01\/0009_211230_Triiiple_AnaBarros-148_HR.jpg 1000w, https:\/\/www.henkeschreieck.at\/wp-content\/uploads\/2022\/01\/0009_211230_Triiiple_AnaBarros-148_HR-300x193.jpg 300w, https:\/\/www.henkeschreieck.at\/wp-content\/uploads\/2022\/01\/0009_211230_Triiiple_AnaBarros-148_HR-768x494.jpg 768w\" sizes=\"(max-width: 1000px) 100vw, 1000px\" \/><\/li>\n                <li style=\"display: none; width: 100%;\" class=\"slide-3335 ms-image \" aria-roledescription=\"slide\" aria-label=\"slide-3335\"><img loading=\"lazy\" decoding=\"async\" width=\"1000\" height=\"643\" src=\"https:\/\/www.henkeschreieck.at\/wp-content\/uploads\/2022\/01\/0013_211230_Triiiple_AnaBarros-20_HR.jpg\" class=\"slider-3322 slide-3335\" alt=\"\" rel=\"\" title=\"Triiiple\" srcset=\"https:\/\/www.henkeschreieck.at\/wp-content\/uploads\/2022\/01\/0013_211230_Triiiple_AnaBarros-20_HR.jpg 1000w, https:\/\/www.henkeschreieck.at\/wp-content\/uploads\/2022\/01\/0013_211230_Triiiple_AnaBarros-20_HR-300x193.jpg 300w, https:\/\/www.henkeschreieck.at\/wp-content\/uploads\/2022\/01\/0013_211230_Triiiple_AnaBarros-20_HR-768x494.jpg 768w\" sizes=\"(max-width: 1000px) 100vw, 1000px\" \/><\/li>\n                <li style=\"display: none; width: 100%;\" class=\"slide-3336 ms-image \" aria-roledescription=\"slide\" aria-label=\"slide-3336\"><img loading=\"lazy\" decoding=\"async\" width=\"1000\" height=\"643\" src=\"https:\/\/www.henkeschreieck.at\/wp-content\/uploads\/2022\/01\/0012_211230_Triiiple_AnaBarros-116_HR.jpg\" class=\"slider-3322 slide-3336\" alt=\"\" rel=\"\" title=\"Triiiple\" srcset=\"https:\/\/www.henkeschreieck.at\/wp-content\/uploads\/2022\/01\/0012_211230_Triiiple_AnaBarros-116_HR.jpg 1000w, https:\/\/www.henkeschreieck.at\/wp-content\/uploads\/2022\/01\/0012_211230_Triiiple_AnaBarros-116_HR-300x193.jpg 300w, https:\/\/www.henkeschreieck.at\/wp-content\/uploads\/2022\/01\/0012_211230_Triiiple_AnaBarros-116_HR-768x494.jpg 768w\" sizes=\"(max-width: 1000px) 100vw, 1000px\" \/><\/li>\n                <li style=\"display: none; width: 100%;\" class=\"slide-3337 ms-image \" aria-roledescription=\"slide\" aria-label=\"slide-3337\"><img loading=\"lazy\" decoding=\"async\" width=\"1000\" height=\"643\" src=\"https:\/\/www.henkeschreieck.at\/wp-content\/uploads\/2022\/01\/0003_211230_Triiiple_AnaBarros-295_HR.jpg\" class=\"slider-3322 slide-3337\" alt=\"\" rel=\"\" title=\"Triiiple\" srcset=\"https:\/\/www.henkeschreieck.at\/wp-content\/uploads\/2022\/01\/0003_211230_Triiiple_AnaBarros-295_HR.jpg 1000w, https:\/\/www.henkeschreieck.at\/wp-content\/uploads\/2022\/01\/0003_211230_Triiiple_AnaBarros-295_HR-300x193.jpg 300w, https:\/\/www.henkeschreieck.at\/wp-content\/uploads\/2022\/01\/0003_211230_Triiiple_AnaBarros-295_HR-768x494.jpg 768w\" sizes=\"(max-width: 1000px) 100vw, 1000px\" \/><\/li>\n                <li style=\"display: none; width: 100%;\" class=\"slide-3338 ms-image \" aria-roledescription=\"slide\" aria-label=\"slide-3338\"><img loading=\"lazy\" decoding=\"async\" width=\"1000\" height=\"643\" src=\"https:\/\/www.henkeschreieck.at\/wp-content\/uploads\/2021\/12\/16_Schwarzplan_1000.jpg\" class=\"slider-3322 slide-3338\" alt=\"\" rel=\"\" title=\"16_Schwarzplan_1000\" srcset=\"https:\/\/www.henkeschreieck.at\/wp-content\/uploads\/2021\/12\/16_Schwarzplan_1000.jpg 1000w, https:\/\/www.henkeschreieck.at\/wp-content\/uploads\/2021\/12\/16_Schwarzplan_1000-300x193.jpg 300w, https:\/\/www.henkeschreieck.at\/wp-content\/uploads\/2021\/12\/16_Schwarzplan_1000-768x494.jpg 768w\" sizes=\"(max-width: 1000px) 100vw, 1000px\" \/><\/li>\n                <li style=\"display: none; width: 100%;\" class=\"slide-3339 ms-image \" aria-roledescription=\"slide\" aria-label=\"slide-3339\"><img loading=\"lazy\" decoding=\"async\" width=\"1000\" height=\"643\" src=\"https:\/\/www.henkeschreieck.at\/wp-content\/uploads\/2021\/12\/17_Lageplan_1000.jpg\" class=\"slider-3322 slide-3339\" alt=\"\" rel=\"\" title=\"17_Lageplan_1000\" srcset=\"https:\/\/www.henkeschreieck.at\/wp-content\/uploads\/2021\/12\/17_Lageplan_1000.jpg 1000w, https:\/\/www.henkeschreieck.at\/wp-content\/uploads\/2021\/12\/17_Lageplan_1000-300x193.jpg 300w, https:\/\/www.henkeschreieck.at\/wp-content\/uploads\/2021\/12\/17_Lageplan_1000-768x494.jpg 768w\" sizes=\"(max-width: 1000px) 100vw, 1000px\" \/><\/li>\n                <li style=\"display: none; width: 100%;\" class=\"slide-3340 ms-image \" aria-roledescription=\"slide\" aria-label=\"slide-3340\"><img loading=\"lazy\" decoding=\"async\" width=\"1000\" height=\"643\" src=\"https:\/\/www.henkeschreieck.at\/wp-content\/uploads\/2021\/12\/18_Gemeinschaftsterrassen_1000.jpg\" class=\"slider-3322 slide-3340\" alt=\"\" rel=\"\" title=\"18_Gemeinschaftsterrassen_1000\" srcset=\"https:\/\/www.henkeschreieck.at\/wp-content\/uploads\/2021\/12\/18_Gemeinschaftsterrassen_1000.jpg 1000w, https:\/\/www.henkeschreieck.at\/wp-content\/uploads\/2021\/12\/18_Gemeinschaftsterrassen_1000-300x193.jpg 300w, https:\/\/www.henkeschreieck.at\/wp-content\/uploads\/2021\/12\/18_Gemeinschaftsterrassen_1000-768x494.jpg 768w\" sizes=\"(max-width: 1000px) 100vw, 1000px\" \/><\/li>\n                <li style=\"display: none; width: 100%;\" class=\"slide-3341 ms-image \" aria-roledescription=\"slide\" aria-label=\"slide-3341\"><img loading=\"lazy\" decoding=\"async\" width=\"1000\" height=\"643\" src=\"https:\/\/www.henkeschreieck.at\/wp-content\/uploads\/2021\/12\/19_Ansicht-Schnirchgasse_1000.jpg\" class=\"slider-3322 slide-3341\" alt=\"\" rel=\"\" title=\"19_Ansicht-Schnirchgasse_1000\" srcset=\"https:\/\/www.henkeschreieck.at\/wp-content\/uploads\/2021\/12\/19_Ansicht-Schnirchgasse_1000.jpg 1000w, https:\/\/www.henkeschreieck.at\/wp-content\/uploads\/2021\/12\/19_Ansicht-Schnirchgasse_1000-300x193.jpg 300w, https:\/\/www.henkeschreieck.at\/wp-content\/uploads\/2021\/12\/19_Ansicht-Schnirchgasse_1000-768x494.jpg 768w\" sizes=\"(max-width: 1000px) 100vw, 1000px\" \/><\/li>\n                <li style=\"display: none; width: 100%;\" class=\"slide-3342 ms-image \" aria-roledescription=\"slide\" aria-label=\"slide-3342\"><img loading=\"lazy\" decoding=\"async\" width=\"1000\" height=\"643\" src=\"https:\/\/www.henkeschreieck.at\/wp-content\/uploads\/2021\/12\/20_Schnitt-Turm-2_1000.jpg\" class=\"slider-3322 slide-3342\" alt=\"\" rel=\"\" title=\"20_Schnitt-Turm-2_1000\" srcset=\"https:\/\/www.henkeschreieck.at\/wp-content\/uploads\/2021\/12\/20_Schnitt-Turm-2_1000.jpg 1000w, https:\/\/www.henkeschreieck.at\/wp-content\/uploads\/2021\/12\/20_Schnitt-Turm-2_1000-300x193.jpg 300w, https:\/\/www.henkeschreieck.at\/wp-content\/uploads\/2021\/12\/20_Schnitt-Turm-2_1000-768x494.jpg 768w\" sizes=\"(max-width: 1000px) 100vw, 1000px\" \/><\/li>\n            <\/ul>\n        <\/div>\n        \n    <\/div>\n<\/div>\n<div id=\"links2-link-3253\" class=\"sh-link links2-link sh-hide\"><a href=\"#\" onclick=\"showhide_toggle('links2', 3253, '\u2192 Beschreibung', 'Beschreibung \u2190'); return false;\" aria-expanded=\"false\"><span id=\"links2-toggle-3253\">\u2192 Beschreibung<\/span><\/a><\/div><div id=\"links2-content-3253\" class=\"sh-content links2-content sh-hide\" style=\"display: none;\">\n<p>Nach Absiedelung des Finanzressorts 2002 aus dem ehemaligen Zollamt wurde f\u00fcr das Areal ein gesamtst\u00e4dtebauliches Leitbild erstellt. Im Bereich der ehemaligen \u201aZollamtsscheibe\u2018 sah das Leitbild als Basis f\u00fcr den darauffolgenden Wettbewerb eine den Donaukanal begleitende 26m hohe riegelartige Bebauung mit 2 integrierten Hochh\u00e4usern vor.<\/p>\n<p>\u201aAus zwei Hochh\u00e4usern wurden drei.\u2018<\/p>\n<p>Unser st\u00e4dtebauliches Konzept beruht auf drei im Dialog zueinanderstehenden skulptural stark ausgepr\u00e4gten Einzelbauk\u00f6rpern die ein signifikantes Hochhaus-Ensemble am Donaukanal bilden.<\/p>\n<p>Die H\u00f6henstaffelungen mittels Vor- und R\u00fcckspr\u00fcngen beziehen sich in ihrer Zonierung zum Teil auf die umgebende Bebauung und erzeugen im Inneren des Quartiers bzw. zum Stadtraum eine bewusst unterschiedliche Ma\u00dfst\u00e4blichkeit.<\/p>\n<p>Die spezielle Positionierung der Bauk\u00f6rper und deren bauplastische Ausformulierung erzeugen allseitig differenzierte Au\u00dfen- und Binnenr\u00e4ume.<\/p>\n<p>Verbunden sind die einzelnen Geb\u00e4ude durch ein 2-geschossiges Sockelbauwerk in dem ein Kindergarten, Gesch\u00e4fte, Restaurant und B\u00fcros untergebracht sind und zur Verbesserung der Infrastruktur des monofunktionalen B\u00fcroumfeldes von TownTown beitragen.<\/p>\n<p>Differenziert gestaltete Au\u00dfenr\u00e4ume, der zentrale Platz an der Schnirchgasse, das intensiv begr\u00fcnte Gartendeck und die Gemeinschaftsterrassen auf den unterschiedlichen Ebenen der einzelnen Geb\u00e4ude bieten Raum f\u00fcr vielf\u00e4ltige Freizeitaktivit\u00e4ten und f\u00f6rdern Begegnung und Kommunikation der Bewohner.<\/p>\n<p>Identit\u00e4t und Wiedererkennungswert, das Umfeld aufwerten und beleben, nutzungsneutrale Strukturen schaffen, \u00f6ffentliche R\u00e4ume anbieten, die Infrastruktur verbessern und Nachbarschaft f\u00f6rdern waren die Pr\u00e4missen unseres Entwurfes.<\/p>\n<p>Henke Schreieck<\/p>\n<p><\/div><br><div id=\"links3-link-3253\" class=\"sh-link links3-link sh-hide\"><a href=\"#\" onclick=\"showhide_toggle('links3', 3253, '\u2192 Publikationen', 'Publikationen \u2190'); return false;\" aria-expanded=\"false\"><span id=\"links3-toggle-3253\">\u2192 Publikationen<\/span><\/a><\/div><div id=\"links3-content-3253\" class=\"sh-content links3-content sh-hide\" style=\"display: none;\"><\/p>\n<ul>\n<li><a href=\"https:\/\/www.henkeschreieck.at\/wp-content\/uploads\/2021\/12\/Die-Presse_SPECTRUM_Kuehn_09-10-2021.pdf\" target=\"_blank\" rel=\"noopener\">Die Presse 2021<\/a><\/li>\n<li><a href=\"https:\/\/www.archdaily.com\/977619\/triiiple-housing-henke-schreieck-architekten\" target=\"_blank\" rel=\"noopener\">Archdaily 2022<\/a><\/li>\n<li><a href=\"https:\/\/divisare.com\/projects\/456267-henke-schreieck-architekten-ana-barros-triiiple\" target=\"_blank\" rel=\"noopener\">Divisare 2022<\/a><\/li>\n<\/ul>\n<p><\/div><\/p>\n\n\n<p><\/p>\n","protected":false},"excerpt":{"rendered":"","protected":false},"author":4,"featured_media":3387,"parent":418,"menu_order":1,"comment_status":"closed","ping_status":"closed","template":"","meta":{"_seopress_robots_primary_cat":"","_seopress_titles_title":"","_seopress_titles_desc":"","_seopress_robots_index":"","ocean_post_layout":"","ocean_both_sidebars_style":"","ocean_both_sidebars_content_width":0,"ocean_both_sidebars_sidebars_width":0,"ocean_sidebar":"0","ocean_second_sidebar":"0","ocean_disable_margins":"enable","ocean_add_body_class":"","ocean_shortcode_before_top_bar":"","ocean_shortcode_after_top_bar":"","ocean_shortcode_before_header":"","ocean_shortcode_after_header":"","ocean_has_shortcode":"","ocean_shortcode_after_title":"","ocean_shortcode_before_footer_widgets":"","ocean_shortcode_after_footer_widgets":"","ocean_shortcode_before_footer_bottom":"","ocean_shortcode_after_footer_bottom":"","ocean_display_top_bar":"default","ocean_display_header":"default","ocean_header_style":"","ocean_center_header_left_menu":"0","ocean_custom_header_template":"0","ocean_custom_logo":0,"ocean_custom_retina_logo":0,"ocean_custom_logo_max_width":0,"ocean_custom_logo_tablet_max_width":0,"ocean_custom_logo_mobile_max_width":0,"ocean_custom_logo_max_height":0,"ocean_custom_logo_tablet_max_height":0,"ocean_custom_logo_mobile_max_height":0,"ocean_header_custom_menu":"0","ocean_menu_typo_font_family":"0","ocean_menu_typo_font_subset":"","ocean_menu_typo_font_size":0,"ocean_menu_typo_font_size_tablet":0,"ocean_menu_typo_font_size_mobile":0,"ocean_menu_typo_font_size_unit":"px","ocean_menu_typo_font_weight":"","ocean_menu_typo_font_weight_tablet":"","ocean_menu_typo_font_weight_mobile":"","ocean_menu_typo_transform":"","ocean_menu_typo_transform_tablet":"","ocean_menu_typo_transform_mobile":"","ocean_menu_typo_line_height":0,"ocean_menu_typo_line_height_tablet":0,"ocean_menu_typo_line_height_mobile":0,"ocean_menu_typo_line_height_unit":"","ocean_menu_typo_spacing":0,"ocean_menu_typo_spacing_tablet":0,"ocean_menu_typo_spacing_mobile":0,"ocean_menu_typo_spacing_unit":"","ocean_menu_link_color":"","ocean_menu_link_color_hover":"","ocean_menu_link_color_active":"","ocean_menu_link_background":"","ocean_menu_link_hover_background":"","ocean_menu_link_active_background":"","ocean_menu_social_links_bg":"","ocean_menu_social_hover_links_bg":"","ocean_menu_social_links_color":"","ocean_menu_social_hover_links_color":"","ocean_disable_title":"default","ocean_disable_heading":"default","ocean_post_title":"","ocean_post_subheading":"","ocean_post_title_style":"","ocean_post_title_background_color":"","ocean_post_title_background":0,"ocean_post_title_bg_image_position":"","ocean_post_title_bg_image_attachment":"","ocean_post_title_bg_image_repeat":"","ocean_post_title_bg_image_size":"","ocean_post_title_height":0,"ocean_post_title_bg_overlay":0.5,"ocean_post_title_bg_overlay_color":"","ocean_disable_breadcrumbs":"default","ocean_breadcrumbs_color":"","ocean_breadcrumbs_separator_color":"","ocean_breadcrumbs_links_color":"","ocean_breadcrumbs_links_hover_color":"","ocean_display_footer_widgets":"default","ocean_display_footer_bottom":"default","ocean_custom_footer_template":"0","footnotes":""},"_links":{"self":[{"href":"https:\/\/www.henkeschreieck.at\/index.php\/wp-json\/wp\/v2\/pages\/3253"}],"collection":[{"href":"https:\/\/www.henkeschreieck.at\/index.php\/wp-json\/wp\/v2\/pages"}],"about":[{"href":"https:\/\/www.henkeschreieck.at\/index.php\/wp-json\/wp\/v2\/types\/page"}],"author":[{"embeddable":true,"href":"https:\/\/www.henkeschreieck.at\/index.php\/wp-json\/wp\/v2\/users\/4"}],"replies":[{"embeddable":true,"href":"https:\/\/www.henkeschreieck.at\/index.php\/wp-json\/wp\/v2\/comments?post=3253"}],"version-history":[{"count":0,"href":"https:\/\/www.henkeschreieck.at\/index.php\/wp-json\/wp\/v2\/pages\/3253\/revisions"}],"up":[{"embeddable":true,"href":"https:\/\/www.henkeschreieck.at\/index.php\/wp-json\/wp\/v2\/pages\/418"}],"wp:featuredmedia":[{"embeddable":true,"href":"https:\/\/www.henkeschreieck.at\/index.php\/wp-json\/wp\/v2\/media\/3387"}],"wp:attachment":[{"href":"https:\/\/www.henkeschreieck.at\/index.php\/wp-json\/wp\/v2\/media?parent=3253"}],"curies":[{"name":"wp","href":"https:\/\/api.w.org\/{rel}","templated":true}]}}