{"id":308,"date":"2015-03-16T18:13:15","date_gmt":"2015-03-16T18:13:15","guid":{"rendered":"http:\/\/www.henkeschreieck.at\/?page_id=308"},"modified":"2016-01-25T13:46:24","modified_gmt":"2016-01-25T13:46:24","slug":"omv","status":"publish","type":"page","link":"https:\/\/www.henkeschreieck.at\/index.php\/projects\/buero\/omv\/","title":{"rendered":"OMV"},"content":{"rendered":"<p><div id=\"metaslider-id-602\" style=\"width: 100%;\" class=\"ml-slider-3-62-0 metaslider metaslider-flex metaslider-602 ml-slider ms-theme-default\" role=\"region\" aria-roledescription=\"Slideshow\" aria-label=\"OMV\">\n    <div id=\"metaslider_container_602\">\n        <div id=\"metaslider_602\" class=\"flexslider\">\n            <ul aria-live=\"polite\" class=\"slides\">\n                <li style=\"display: block; width: 100%;\" class=\"slide-2665 ms-image \" aria-roledescription=\"slide\" aria-label=\"slide-2665\"><img loading=\"lazy\" decoding=\"async\" width=\"1015\" height=\"580\" src=\"https:\/\/www.henkeschreieck.at\/wp-content\/uploads\/2015\/09\/01-lage-fotopersp-croped.jpg\" class=\"slider-602 slide-2665\" alt=\"\" rel=\"\" title=\"\" srcset=\"https:\/\/www.henkeschreieck.at\/wp-content\/uploads\/2015\/09\/01-lage-fotopersp-croped.jpg 1015w, https:\/\/www.henkeschreieck.at\/wp-content\/uploads\/2015\/09\/01-lage-fotopersp-croped-300x171.jpg 300w\" sizes=\"(max-width: 1015px) 100vw, 1015px\" \/><\/li>\n                <li style=\"display: none; width: 100%;\" class=\"slide-2666 ms-image \" aria-roledescription=\"slide\" aria-label=\"slide-2666\"><img loading=\"lazy\" decoding=\"async\" width=\"1015\" height=\"580\" src=\"https:\/\/www.henkeschreieck.at\/wp-content\/uploads\/2015\/09\/02-lageplan-krieau_rot-pdf-croped.jpg\" class=\"slider-602 slide-2666\" alt=\"\" rel=\"\" title=\"\" srcset=\"https:\/\/www.henkeschreieck.at\/wp-content\/uploads\/2015\/09\/02-lageplan-krieau_rot-pdf-croped.jpg 1015w, https:\/\/www.henkeschreieck.at\/wp-content\/uploads\/2015\/09\/02-lageplan-krieau_rot-pdf-croped-300x171.jpg 300w\" sizes=\"(max-width: 1015px) 100vw, 1015px\" \/><\/li>\n                <li style=\"display: none; width: 100%;\" class=\"slide-2667 ms-image \" aria-roledescription=\"slide\" aria-label=\"slide-2667\"><img loading=\"lazy\" decoding=\"async\" width=\"1015\" height=\"580\" src=\"https:\/\/www.henkeschreieck.at\/wp-content\/uploads\/2015\/09\/03-ansichtmittext_schmoe-croped.jpg\" class=\"slider-602 slide-2667\" alt=\"\" rel=\"\" title=\"\" srcset=\"https:\/\/www.henkeschreieck.at\/wp-content\/uploads\/2015\/09\/03-ansichtmittext_schmoe-croped.jpg 1015w, https:\/\/www.henkeschreieck.at\/wp-content\/uploads\/2015\/09\/03-ansichtmittext_schmoe-croped-300x171.jpg 300w\" sizes=\"(max-width: 1015px) 100vw, 1015px\" \/><\/li>\n                <li style=\"display: none; width: 100%;\" class=\"slide-2668 ms-image \" aria-roledescription=\"slide\" aria-label=\"slide-2668\"><img loading=\"lazy\" decoding=\"async\" width=\"1015\" height=\"580\" src=\"https:\/\/www.henkeschreieck.at\/wp-content\/uploads\/2015\/09\/04-Untitled-2-croped.jpg\" class=\"slider-602 slide-2668\" alt=\"\" rel=\"\" title=\"\" srcset=\"https:\/\/www.henkeschreieck.at\/wp-content\/uploads\/2015\/09\/04-Untitled-2-croped.jpg 1015w, https:\/\/www.henkeschreieck.at\/wp-content\/uploads\/2015\/09\/04-Untitled-2-croped-300x171.jpg 300w\" sizes=\"(max-width: 1015px) 100vw, 1015px\" \/><\/li>\n                <li style=\"display: none; width: 100%;\" class=\"slide-2669 ms-image \" aria-roledescription=\"slide\" aria-label=\"slide-2669\"><img loading=\"lazy\" decoding=\"async\" width=\"1015\" height=\"580\" src=\"https:\/\/www.henkeschreieck.at\/wp-content\/uploads\/2015\/09\/05-DSC12994-b_Ausschn_a-OMV01-croped.jpg\" class=\"slider-602 slide-2669\" alt=\"\" rel=\"\" title=\"\" srcset=\"https:\/\/www.henkeschreieck.at\/wp-content\/uploads\/2015\/09\/05-DSC12994-b_Ausschn_a-OMV01-croped.jpg 1015w, https:\/\/www.henkeschreieck.at\/wp-content\/uploads\/2015\/09\/05-DSC12994-b_Ausschn_a-OMV01-croped-300x171.jpg 300w\" sizes=\"(max-width: 1015px) 100vw, 1015px\" \/><\/li>\n                <li style=\"display: none; width: 100%;\" class=\"slide-2670 ms-image \" aria-roledescription=\"slide\" aria-label=\"slide-2670\"><img loading=\"lazy\" decoding=\"async\" width=\"1015\" height=\"580\" src=\"https:\/\/www.henkeschreieck.at\/wp-content\/uploads\/2015\/09\/06-12977-b_A4-zugesch_a-croped.jpg\" class=\"slider-602 slide-2670\" alt=\"\" rel=\"\" title=\"\" srcset=\"https:\/\/www.henkeschreieck.at\/wp-content\/uploads\/2015\/09\/06-12977-b_A4-zugesch_a-croped.jpg 1015w, https:\/\/www.henkeschreieck.at\/wp-content\/uploads\/2015\/09\/06-12977-b_A4-zugesch_a-croped-300x171.jpg 300w\" sizes=\"(max-width: 1015px) 100vw, 1015px\" \/><\/li>\n                <li style=\"display: none; width: 100%;\" class=\"slide-2671 ms-image \" aria-roledescription=\"slide\" aria-label=\"slide-2671\"><img loading=\"lazy\" decoding=\"async\" width=\"1015\" height=\"580\" src=\"https:\/\/www.henkeschreieck.at\/wp-content\/uploads\/2015\/09\/07-12975-d_A4-croped.jpg\" class=\"slider-602 slide-2671\" alt=\"\" rel=\"\" title=\"\" srcset=\"https:\/\/www.henkeschreieck.at\/wp-content\/uploads\/2015\/09\/07-12975-d_A4-croped.jpg 1015w, https:\/\/www.henkeschreieck.at\/wp-content\/uploads\/2015\/09\/07-12975-d_A4-croped-300x171.jpg 300w\" sizes=\"(max-width: 1015px) 100vw, 1015px\" \/><\/li>\n                <li style=\"display: none; width: 100%;\" class=\"slide-2672 ms-image \" aria-roledescription=\"slide\" aria-label=\"slide-2672\"><img loading=\"lazy\" decoding=\"async\" width=\"1015\" height=\"580\" src=\"https:\/\/www.henkeschreieck.at\/wp-content\/uploads\/2015\/09\/08-12973-b_A4-croped.jpg\" class=\"slider-602 slide-2672\" alt=\"\" rel=\"\" title=\"\" srcset=\"https:\/\/www.henkeschreieck.at\/wp-content\/uploads\/2015\/09\/08-12973-b_A4-croped.jpg 1015w, https:\/\/www.henkeschreieck.at\/wp-content\/uploads\/2015\/09\/08-12973-b_A4-croped-300x171.jpg 300w\" sizes=\"(max-width: 1015px) 100vw, 1015px\" \/><\/li>\n                <li style=\"display: none; width: 100%;\" class=\"slide-2673 ms-image \" aria-roledescription=\"slide\" aria-label=\"slide-2673\"><img loading=\"lazy\" decoding=\"async\" width=\"1015\" height=\"580\" src=\"https:\/\/www.henkeschreieck.at\/wp-content\/uploads\/2015\/09\/10-12993-d_A3-croped.jpg\" class=\"slider-602 slide-2673\" alt=\"\" rel=\"\" title=\"\" srcset=\"https:\/\/www.henkeschreieck.at\/wp-content\/uploads\/2015\/09\/10-12993-d_A3-croped.jpg 1015w, https:\/\/www.henkeschreieck.at\/wp-content\/uploads\/2015\/09\/10-12993-d_A3-croped-300x171.jpg 300w\" sizes=\"(max-width: 1015px) 100vw, 1015px\" \/><\/li>\n                <li style=\"display: none; width: 100%;\" class=\"slide-2674 ms-image \" aria-roledescription=\"slide\" aria-label=\"slide-2674\"><img loading=\"lazy\" decoding=\"async\" width=\"1015\" height=\"580\" src=\"https:\/\/www.henkeschreieck.at\/wp-content\/uploads\/2015\/09\/11-Hoch-Zwei-011-schmoe-ret-croped.jpg\" class=\"slider-602 slide-2674\" alt=\"\" rel=\"\" title=\"\" srcset=\"https:\/\/www.henkeschreieck.at\/wp-content\/uploads\/2015\/09\/11-Hoch-Zwei-011-schmoe-ret-croped.jpg 1015w, https:\/\/www.henkeschreieck.at\/wp-content\/uploads\/2015\/09\/11-Hoch-Zwei-011-schmoe-ret-croped-300x171.jpg 300w\" sizes=\"(max-width: 1015px) 100vw, 1015px\" \/><\/li>\n                <li style=\"display: none; width: 100%;\" class=\"slide-2675 ms-image \" aria-roledescription=\"slide\" aria-label=\"slide-2675\"><img loading=\"lazy\" decoding=\"async\" width=\"1015\" height=\"580\" src=\"https:\/\/www.henkeschreieck.at\/wp-content\/uploads\/2015\/09\/12-Hoch-Zwei-012-schmoe-ret_klein-croped.jpg\" class=\"slider-602 slide-2675\" alt=\"\" rel=\"\" title=\"\" srcset=\"https:\/\/www.henkeschreieck.at\/wp-content\/uploads\/2015\/09\/12-Hoch-Zwei-012-schmoe-ret_klein-croped.jpg 1015w, https:\/\/www.henkeschreieck.at\/wp-content\/uploads\/2015\/09\/12-Hoch-Zwei-012-schmoe-ret_klein-croped-300x171.jpg 300w\" sizes=\"(max-width: 1015px) 100vw, 1015px\" \/><\/li>\n                <li style=\"display: none; width: 100%;\" class=\"slide-2676 ms-image \" aria-roledescription=\"slide\" aria-label=\"slide-2676\"><img loading=\"lazy\" decoding=\"async\" width=\"1015\" height=\"580\" src=\"https:\/\/www.henkeschreieck.at\/wp-content\/uploads\/2015\/09\/13-Hoch-Zwei-033-schmoe_ret-croped.jpg\" class=\"slider-602 slide-2676\" alt=\"\" rel=\"\" title=\"\" srcset=\"https:\/\/www.henkeschreieck.at\/wp-content\/uploads\/2015\/09\/13-Hoch-Zwei-033-schmoe_ret-croped.jpg 1015w, https:\/\/www.henkeschreieck.at\/wp-content\/uploads\/2015\/09\/13-Hoch-Zwei-033-schmoe_ret-croped-300x171.jpg 300w\" sizes=\"(max-width: 1015px) 100vw, 1015px\" \/><\/li>\n                <li style=\"display: none; width: 100%;\" class=\"slide-2677 ms-image \" aria-roledescription=\"slide\" aria-label=\"slide-2677\"><img loading=\"lazy\" decoding=\"async\" width=\"1015\" height=\"580\" src=\"https:\/\/www.henkeschreieck.at\/wp-content\/uploads\/2015\/09\/14-023_schmoe-ret-croped.jpg\" class=\"slider-602 slide-2677\" alt=\"\" rel=\"\" title=\"\" srcset=\"https:\/\/www.henkeschreieck.at\/wp-content\/uploads\/2015\/09\/14-023_schmoe-ret-croped.jpg 1015w, https:\/\/www.henkeschreieck.at\/wp-content\/uploads\/2015\/09\/14-023_schmoe-ret-croped-300x171.jpg 300w\" sizes=\"(max-width: 1015px) 100vw, 1015px\" \/><\/li>\n                <li style=\"display: none; width: 100%;\" class=\"slide-2678 ms-image \" aria-roledescription=\"slide\" aria-label=\"slide-2678\"><img loading=\"lazy\" decoding=\"async\" width=\"1015\" height=\"580\" src=\"https:\/\/www.henkeschreieck.at\/wp-content\/uploads\/2015\/09\/15-012_ret_schmoe-croped.jpg\" class=\"slider-602 slide-2678\" alt=\"\" rel=\"\" title=\"\" srcset=\"https:\/\/www.henkeschreieck.at\/wp-content\/uploads\/2015\/09\/15-012_ret_schmoe-croped.jpg 1015w, https:\/\/www.henkeschreieck.at\/wp-content\/uploads\/2015\/09\/15-012_ret_schmoe-croped-300x171.jpg 300w\" sizes=\"(max-width: 1015px) 100vw, 1015px\" \/><\/li>\n                <li style=\"display: none; width: 100%;\" class=\"slide-2679 ms-image \" aria-roledescription=\"slide\" aria-label=\"slide-2679\"><img loading=\"lazy\" decoding=\"async\" width=\"1015\" height=\"580\" src=\"https:\/\/www.henkeschreieck.at\/wp-content\/uploads\/2015\/09\/16-msprachmann_omv_weinberger_091204_163-croped.jpg\" class=\"slider-602 slide-2679\" alt=\"\" rel=\"\" title=\"\" srcset=\"https:\/\/www.henkeschreieck.at\/wp-content\/uploads\/2015\/09\/16-msprachmann_omv_weinberger_091204_163-croped.jpg 1015w, https:\/\/www.henkeschreieck.at\/wp-content\/uploads\/2015\/09\/16-msprachmann_omv_weinberger_091204_163-croped-300x171.jpg 300w\" sizes=\"(max-width: 1015px) 100vw, 1015px\" \/><\/li>\n                <li style=\"display: none; width: 100%;\" class=\"slide-2680 ms-image \" aria-roledescription=\"slide\" aria-label=\"slide-2680\"><img loading=\"lazy\" decoding=\"async\" width=\"1015\" height=\"580\" src=\"https:\/\/www.henkeschreieck.at\/wp-content\/uploads\/2015\/09\/17-msprachmann_omv_weinberger_091204_163-Hoch-Zwei-049-croped.jpg\" class=\"slider-602 slide-2680\" alt=\"\" rel=\"\" title=\"\" srcset=\"https:\/\/www.henkeschreieck.at\/wp-content\/uploads\/2015\/09\/17-msprachmann_omv_weinberger_091204_163-Hoch-Zwei-049-croped.jpg 1015w, https:\/\/www.henkeschreieck.at\/wp-content\/uploads\/2015\/09\/17-msprachmann_omv_weinberger_091204_163-Hoch-Zwei-049-croped-300x171.jpg 300w\" sizes=\"(max-width: 1015px) 100vw, 1015px\" \/><\/li>\n            <\/ul>\n        <\/div>\n        \n    <\/div>\n<\/div><br \/>\n<div id=\"links3-link-308\" class=\"sh-link links3-link sh-hide\"><a href=\"#\" onclick=\"showhide_toggle('links3', 308, '\u2192 Facts', 'Facts \u2190'); return false;\" aria-expanded=\"false\"><span id=\"links3-toggle-308\">\u2192 Facts<\/span><\/a><\/div><div id=\"links3-content-308\" class=\"sh-content links3-content sh-hide\" style=\"display: none;\"><\/p>\n<table style=\"width: 50%; margin-right: 2px; border: none; border-spacing: 10px; font-size: 1.0em;\">\n<thead>\n<tr>\n<td><\/td>\n<td><strong><\/strong><\/td>\n<\/tr>\n<\/thead>\n<tbody>\n<tr style=\"border-bottom: thin solid #333; vertical-align: top;\">\n<td>Wettbewerb<\/td>\n<td>10.2004<\/td>\n<\/tr>\n<tr style=\"border-bottom: thin solid #333; vertical-align: top;\">\n<td>Fertigstellung<\/td>\n<td>2008<\/td>\n<\/tr>\n<tr style=\"border-bottom: thin solid #333; vertical-align: top;\">\n<td>Land<\/td>\n<td>\u00d6sterreich<\/td>\n<\/tr>\n<tr style=\"border-bottom: thin solid #333; vertical-align: top;\">\n<td>Ort<\/td>\n<td>1020 Wien<\/td>\n<\/tr>\n<tr style=\"border-bottom: thin solid #333; vertical-align: top;\">\n<td>BGF oi<\/td>\n<td>31.990 m2<\/td>\n<\/tr>\n<tr style=\"border-bottom: thin solid #333; vertical-align: top;\">\n<td>BauherrIn<\/td>\n<td>Viertel Zwei Entwicklung GmbH &#038; Co Hoch Zwei KG<\/td>\n<\/tr>\n<tr style=\"border-bottom: thin solid #333; vertical-align: top;\">\n<td>Vertretung Bauherr<\/td>\n<td>IC Projektentwicklung GmbH<\/td>\n<\/tr>\n<tr style=\"border-bottom: thin solid #333; vertical-align: top;\">\n<td>Architektur<\/td>\n<td>Henke Schreieck Architekten<br \/>\nDieter Henke I Marta Schreieck<\/td>\n<\/tr>\n<tr style=\"border-bottom: thin solid #333; vertical-align: top;\">\n<td>Projektleiter<\/td>\n<td>Gavin Rae<\/td>\n<\/tr>\n<tr style=\"border-bottom: thin solid #333; vertical-align: top;\">\n<td>MitarbeiterInnen<\/td>\n<td>Blaz Kandus<br \/>\nAndreas Hampl<\/td>\n<\/tr>\n<tr style=\"border-bottom: thin solid #333; vertical-align: top;\">\n<td>Statik<\/td>\n<td>KS Ingenieure ZT GmbH<\/td>\n<\/tr>\n<tr style=\"border-bottom: thin solid #333; vertical-align: top;\">\n<td>Haustechnik HKLS<\/td>\n<td>ZFG-Projekt GmbH<\/td>\n<\/tr>\n<tr style=\"border-bottom: thin solid #333; vertical-align: top;\">\n<td>Haustechnik Elektro<\/td>\n<td>TB Eipeldauer + Partner GmbH<\/td>\n<\/tr>\n<tr style=\"border-bottom: thin solid #333; vertical-align: top;\">\n<td>Bauphysik<\/td>\n<td>DI Walter Prause<\/td>\n<\/tr>\n<tr style=\"border-bottom: thin solid #333; vertical-align: top;\">\n<td>Fassadenplaner<\/td>\n<td>MDE Metall Design Engineering GmbH<\/td>\n<\/tr>\n<tr style=\"border-bottom: thin solid #333; vertical-align: top;\">\n<td>Brandschutz<\/td>\n<td>Bmstr. DI Alexander Kunz<\/td>\n<\/tr>\n<tr style=\"border-bottom: thin solid #333; vertical-align: top;\">\n<td>Lichtplanung<\/td>\n<td>Conceptlicht at GmbH<\/td>\n<\/tr>\n<tr style=\"border-bottom: thin solid #333; vertical-align: top;\">\n<td>Landschaftsarchitekten<\/td>\n<td>WES &#038; Partner<\/td>\n<\/tr>\n<tr style=\"border-bottom: thin solid #333; vertical-align: top;\">\n<td>Leitsystem<\/td>\n<td>Mag. Art. Ingeborg Kumpfm\u00fcller<\/td>\n<\/tr>\n<tr style=\"border-bottom: thin solid #333; vertical-align: top;\">\n<td>Funktionsplanung<\/td>\n<td>Quickborner Team<\/td>\n<\/tr>\n<tr style=\"border-bottom: thin solid #333; vertical-align: top;\">\n<td>Farbkonzept<\/td>\n<td>Henke Schreieck Architekten<\/td>\n<\/tr>\n<tr style=\"border-bottom: thin solid #333; vertical-align: top;\">\n<td>Kunst am Bau<\/td>\n<td>Lois &#038; Franziska Weinberger<\/td>\n<\/tr>\n<tr style=\"border-bottom: thin solid #333; vertical-align: top;\">\n<td>Visualisierung<\/td>\n<td>oln Office le Nomade C. Kraigher &#038; M. St\u00f6ger GbR<br \/>\nbeyer.co.at images<\/td>\n<\/tr>\n<tr style=\"border-bottom: thin solid #333; vertical-align: top;\">\n<td>Fotos<\/td>\n<td>Margherita Spiluttini<br \/>\nHeinz Schm\u00f6lzer<br \/>\nRoland Krauss<br \/>\nDieter Henke<\/td>\n<\/tr>\n<\/tbody>\n<\/table>\n<p><\/div><br \/>\n<div id=\"links-link-308\" class=\"sh-link links-link sh-hide\"><a href=\"#\" onclick=\"showhide_toggle('links', 308, '\u2192 Beschreibung', 'Beschreibung \u2190'); return false;\" aria-expanded=\"false\"><span id=\"links-toggle-308\">\u2192 Beschreibung<\/span><\/a><\/div><div id=\"links-content-308\" class=\"sh-content links-content sh-hide\" style=\"display: none;\"><\/p>\n<p><strong>DE<\/strong> Die Idee f\u00fcr die skulpturale Form des Hochhauses resultiert aus der st\u00e4dtebaulichen Auseinandersetzung f\u00fcr einen neuen B\u00fcrostandort an der Entwicklungsachse der Verl\u00e4ngerung der U2 zwischen Messeareal und Prater, dem attraktivsten Gr\u00fcn- und Erholungsraum der Stadt.<br \/>\nDas st\u00e4dtebauliche Konzept f\u00fcr das neue Quartier beruht auf konkav konvexen Solit\u00e4rbauk\u00f6rpern, die durch Ihre Stellung zueinander maximale Durchl\u00e4ssigkeit und abwechslungsreiche Au\u00dfenr\u00e4ume schaffen, die flie\u00dfend ineinander \u00fcbergehen und sich mit dem umgebenden Gr\u00fcnland verbinden.<br \/>\nDie h\u00f6henm\u00e4\u00dfig differenzierten Bauk\u00f6rper bilden eine spannungsvolle Silhouette an den R\u00e4ndern und im Inneren.<br \/>\nF\u00fcr das Hochhaus als Kristallisationspunkt der neuen Bebauung in der Krieau haben wir eine Form gesucht die Raum bildet und nicht besetzt. Die konkav konvexe bauplastisch in sich geschlossene Figur schafft eine platzr\u00e4umliche Situation am Ende der Messeallee bei der neuen Station der U2 und bildet ein signifikantes Entree zum neuen Quartier.<br \/>\nDas Hochhaus ist \u00fcber einen gedeckten Vorplatz und eine zweigeschossige Foyerzone erschlossen.<br \/>\nDie sichelf\u00f6rmige Geometrie des Geb\u00e4udes eignet sich bestens f\u00fcr s\u00e4mtliche B\u00fcroorganisationsformen. Unterschiedlich proportionierte Raumzonen im Inneren erzeugen eine unverwechselbare Atmosph\u00e4re und bieten den Nutzern vielf\u00e4ltige M\u00f6glichkeiten und Freiheiten bei der Gestaltung ihrer Corporate Identity.<\/p>\n<p><strong>EN<\/strong> The idea for the sculptural form of the high-rise building was the result of an urban planning discussion about a new office quarter along the development axis of the U2 metro line, the prolongation between the trade fair area and the Prater, the city&#8217;s most attractive green and recreation space.<br \/>\nThe urban planning concept for the new quarter is based on concave-convex solitary building structures which, through their positioning to each other, create both a maximum of porosity and varied outdoor spaces which merge into each other and combine with the surrounding green spaces.<br \/>\nThe building structures, which are differentiated in height, form an absorbing silhouette at the edges and in the centre.<br \/>\nFor the high-rise building, which will form a crystallisation point within the new Krieau quarter, we looked for a form which creates space instead of occupying it. The concave-convex figure forms a closed constructional sculpture and creates a spatial situation at the end of Messeallee at the new U2 metro station, providing a significant entrance to the new quarter.<br \/>\nThe high-rise building can be accessed via a covered forecourt and a two-storey foyer zone. The sickle-shaped geometry of the building favours all types of office organisation. Space zones of different size in the interior create a unique atmosphere and offer the users multiple opportunities to develop their corporate identity design.<\/p>\n<p><\/div><br \/>\n<div id=\"links2-link-308\" class=\"sh-link links2-link sh-hide\"><a href=\"#\" onclick=\"showhide_toggle('links2', 308, '\u2192 Publikationen', 'Publikationen \u2190'); return false;\" aria-expanded=\"false\"><span id=\"links2-toggle-308\">\u2192 Publikationen<\/span><\/a><\/div><div id=\"links2-content-308\" class=\"sh-content links2-content sh-hide\" style=\"display: none;\"><\/p>\n<ul>\n<li><a href=\"http:\/\/www.henkeschreieck.at\/wp-content\/uploads\/2015\/03\/11hereinspaziert.pdf\" target=\"_blank\">Das gro\u00dfe Segel K\u00fchn<\/a><\/li>\n<li><a href=\"http:\/\/www.henkeschreieck.at\/wp-content\/uploads\/2015\/03\/china-katalog.pdf\" target=\"_blank\">China Katalog 2006<\/a><\/li>\n<li><a href=\"http:\/\/www.henkeschreieck.at\/wp-content\/uploads\/2015\/03\/architektur-aktuell1.pdf\" target=\"_blank\">architektur.aktuell 2009<\/a><\/li>\n<li><a href=\"http:\/\/www.henkeschreieck.at\/wp-content\/uploads\/2015\/03\/Hoch-Zwei_Hier-ist-das-Paradies.pdf\" target=\"_blank\">Die Presse Spectrum 2009<\/a><\/li>\n<\/ul>\n<p><\/div><\/p>\n","protected":false},"excerpt":{"rendered":"","protected":false},"author":1,"featured_media":0,"parent":158,"menu_order":4,"comment_status":"closed","ping_status":"closed","template":"page-text.php","meta":{"_seopress_robots_primary_cat":"","_seopress_titles_title":"","_seopress_titles_desc":"","_seopress_robots_index":"","ocean_post_layout":"","ocean_both_sidebars_style":"","ocean_both_sidebars_content_width":0,"ocean_both_sidebars_sidebars_width":0,"ocean_sidebar":"","ocean_second_sidebar":"","ocean_disable_margins":"enable","ocean_add_body_class":"","ocean_shortcode_before_top_bar":"","ocean_shortcode_after_top_bar":"","ocean_shortcode_before_header":"","ocean_shortcode_after_header":"","ocean_has_shortcode":"","ocean_shortcode_after_title":"","ocean_shortcode_before_footer_widgets":"","ocean_shortcode_after_footer_widgets":"","ocean_shortcode_before_footer_bottom":"","ocean_shortcode_after_footer_bottom":"","ocean_display_top_bar":"default","ocean_display_header":"default","ocean_header_style":"","ocean_center_header_left_menu":"","ocean_custom_header_template":"","ocean_custom_logo":0,"ocean_custom_retina_logo":0,"ocean_custom_logo_max_width":0,"ocean_custom_logo_tablet_max_width":0,"ocean_custom_logo_mobile_max_width":0,"ocean_custom_logo_max_height":0,"ocean_custom_logo_tablet_max_height":0,"ocean_custom_logo_mobile_max_height":0,"ocean_header_custom_menu":"","ocean_menu_typo_font_family":"","ocean_menu_typo_font_subset":"","ocean_menu_typo_font_size":0,"ocean_menu_typo_font_size_tablet":0,"ocean_menu_typo_font_size_mobile":0,"ocean_menu_typo_font_size_unit":"px","ocean_menu_typo_font_weight":"","ocean_menu_typo_font_weight_tablet":"","ocean_menu_typo_font_weight_mobile":"","ocean_menu_typo_transform":"","ocean_menu_typo_transform_tablet":"","ocean_menu_typo_transform_mobile":"","ocean_menu_typo_line_height":0,"ocean_menu_typo_line_height_tablet":0,"ocean_menu_typo_line_height_mobile":0,"ocean_menu_typo_line_height_unit":"","ocean_menu_typo_spacing":0,"ocean_menu_typo_spacing_tablet":0,"ocean_menu_typo_spacing_mobile":0,"ocean_menu_typo_spacing_unit":"","ocean_menu_link_color":"","ocean_menu_link_color_hover":"","ocean_menu_link_color_active":"","ocean_menu_link_background":"","ocean_menu_link_hover_background":"","ocean_menu_link_active_background":"","ocean_menu_social_links_bg":"","ocean_menu_social_hover_links_bg":"","ocean_menu_social_links_color":"","ocean_menu_social_hover_links_color":"","ocean_disable_title":"default","ocean_disable_heading":"default","ocean_post_title":"","ocean_post_subheading":"","ocean_post_title_style":"","ocean_post_title_background_color":"","ocean_post_title_background":0,"ocean_post_title_bg_image_position":"","ocean_post_title_bg_image_attachment":"","ocean_post_title_bg_image_repeat":"","ocean_post_title_bg_image_size":"","ocean_post_title_height":0,"ocean_post_title_bg_overlay":0.5,"ocean_post_title_bg_overlay_color":"","ocean_disable_breadcrumbs":"default","ocean_breadcrumbs_color":"","ocean_breadcrumbs_separator_color":"","ocean_breadcrumbs_links_color":"","ocean_breadcrumbs_links_hover_color":"","ocean_display_footer_widgets":"default","ocean_display_footer_bottom":"default","ocean_custom_footer_template":"","footnotes":""},"_links":{"self":[{"href":"https:\/\/www.henkeschreieck.at\/index.php\/wp-json\/wp\/v2\/pages\/308"}],"collection":[{"href":"https:\/\/www.henkeschreieck.at\/index.php\/wp-json\/wp\/v2\/pages"}],"about":[{"href":"https:\/\/www.henkeschreieck.at\/index.php\/wp-json\/wp\/v2\/types\/page"}],"author":[{"embeddable":true,"href":"https:\/\/www.henkeschreieck.at\/index.php\/wp-json\/wp\/v2\/users\/1"}],"replies":[{"embeddable":true,"href":"https:\/\/www.henkeschreieck.at\/index.php\/wp-json\/wp\/v2\/comments?post=308"}],"version-history":[{"count":0,"href":"https:\/\/www.henkeschreieck.at\/index.php\/wp-json\/wp\/v2\/pages\/308\/revisions"}],"up":[{"embeddable":true,"href":"https:\/\/www.henkeschreieck.at\/index.php\/wp-json\/wp\/v2\/pages\/158"}],"wp:attachment":[{"href":"https:\/\/www.henkeschreieck.at\/index.php\/wp-json\/wp\/v2\/media?parent=308"}],"curies":[{"name":"wp","href":"https:\/\/api.w.org\/{rel}","templated":true}]}}